**3 + x**2 + 3. Let c be m(o). Suppose -c*k + 7*k = 220. Is k a composite number?
True
Let v be 19/((-80)/84 + 1). Suppose v = -j + 4*j - i, 5*j = -5*i + 685. Suppose -315 = -d + j. Is d a prime number?
True
Let a(d) be the first derivative of -d**4/4 - 11*d**3/3 + d**2/2 - 18*d - 22. Is a(-13) a prime number?
True
Suppose 28*x = 34*x - 82794. Is x prime?
True
Let t(q) = q**2 - 4*q - 6. Let j be t(4). Is -196*87/j + (-1 - -2) a prime number?
True
Suppose 6*g - 647213 = -8507. Is g prime?
True
Let i be (-2)/(8/6)*72. Let x = i + -10. Let y = -81 - x. Is y prime?
True
Suppose 9*k = -3*k + 236868. Is k a composite number?
False
Let x(q) = 1564*q**3 + 3*q**2 - 3*q + 1. Is x(1) a composite number?
True
Let x(w) = 239*w + 255. Is x(14) prime?
False
Let f be 3/(-3*(-4)/20). Suppose -f*h + 7*j - 3*j - 57 = 0, 5*j = 3*h + 29. Let k(i) = -i + 1. Is k(h) a composite number?
True
Suppose 56*b - 7800 = 52*b. Suppose 3*h + f - b = 1506, 5*h + 2*f - 5761 = 0. Is h a composite number?
False
Let l be 2 + 6 - 9/3. Suppose l*d - 1 = 2*v + 7, -v - 4 = d. Suppose 3*i - 862 = -x, -x + 3*x + 3*i - 1739 = d. Is x prime?
True
Suppose 246 = -4*t + 3962. Let f = 2402 - t. Is 2/3*f/2 prime?
True
Suppose 4*g - 3*f = 55, 2*f = -3*g + 5*f + 42. Suppose 5*h = -2*x + 29 - g, 0 = 2*h - x - 1. Suppose 279 = h*k + 25. Is k a prime number?
True
Let t = 31 + -76. Is (-7906)/(-10) - 18/t prime?
False
Let b be 3075/35 - 2/(-14). Let i = b - 51. Is i prime?
True
Suppose -a + 4*a + 13 = -b, -3*b = -2*a + 6. Let c be 1/(b - (2 - 5)). Is 1/(1/9) - c a composite number?
True
Is (282471/(-7) - 6)*(-1)/3 composite?
True
Let h(q) = 17*q**2 + 216*q + 69. Is h(-58) prime?
True
Is ((-85)/30)/(-17) + 64923/18 a prime number?
True
Let l(w) = 51*w + 20 + 16 - 10 - 40*w. Suppose 5*t - 63 - 32 = 0. Is l(t) a composite number?
True
Let h(a) = -a**3 - 14*a**2 - 16*a - 7. Let i be h(-13). Let t be (-248)/i + 1/(-4). Is ((-4456)/(-32))/((-2)/t) prime?
True
Suppose -2*t = 2*w, -5*w - 3*t = -8 + 2. Suppose w*c + 3*p = 252, -4*c + 341 = -p + 4*p. Is c composite?
False
Let z(o) = 2*o + 3. Let k be z(8). Suppose -l + k = -176. Suppose h + 76 = l. Is h a composite number?
True
Let f(l) = l**2 - 4*l - 7. Let g be f(5). Let n = g + 5. Suppose -43 = -n*y + 26. Is y a composite number?
False
Let l(a) = a**2 - 16*a - 4. Let y be l(8). Let t = -97 - y. Let b = -18 - t. Is b a composite number?
False
Let i(h) = 10332*h + 5. Is i(3) prime?
False
Suppose -9263 = -3*q - 2*p, -12*p + 10*p + 12352 = 4*q. Is q a composite number?
False
Suppose c + x - 21242 = 0, 3*c - 71617 = -x - 7881. Is c composite?
False
Suppose 7258 = q - 3*g, 0 = 4*q - g - 10757 - 18286. Is q a composite number?
True
Let m be (-2)/8 - (-85)/20. Suppose 0 = 5*s - m*s - 635. Suppose 4*o - s = -o. Is o prime?
True
Suppose -9*o + 12*o - 8313 = 5*h, 5*o - 4*h - 13855 = 0. Is o a composite number?
True
Suppose -5*w + 207 = -968. Is w prime?
False
Suppose 99656 = -3*g + 11*g. Is g a prime number?
True
Suppose 0 = 1763*y - 1768*y - 50. Let p(u) be the third derivative of u**5/20 - 7*u**4/24 - 2*u**3 + u**2. Is p(y) composite?
True
Suppose 2*k = -4*f + 6*k + 32, f + 3*k = -12. Is 3 + f + 261 + 2 a prime number?
True
Let j = 86102 + 6307. Is j composite?
True
Let i(h) = 386*h - 47. Is i(5) a composite number?
True
Is (-1607832)/(-45) + 4/(40/(-6)) composite?
False
Suppose -3*i - 2 = -i, 0 = 3*a + i - 9752. Is a a prime number?
True
Let c be (1 - -1)*(9 - 6). Is c - 35997/(-33) - (-2)/11 prime?
True
Let o(w) = w**3 + w**2 + 3*w + 1111. Is o(0) a prime number?
False
Let p be 0/((-4)/((-8)/6)). Suppose p = 5*f - 3680 - 3355. Suppose -5*o = -f - 1228. Is o prime?
False
Is (-60737)/(-5) + 158/(-395) a prime number?
False
Let y(c) = 5345*c**2 + 6*c. Is y(-1) a composite number?
True
Let z(b) = 568*b**2 + 40*b - 181. Is z(6) a composite number?
False
Let p = -1252 - -4366. Suppose 11*d - p = 5*d. Is d a composite number?
True
Let h(b) = 33*b**3 + 7*b**2 - 12*b + 11. Is h(6) composite?
True
Let b be 12*4/12*-5. Let v = b + 36. Suppose v = 4*s, 2*u + 2*s = -108 + 702. Is u composite?
False
Is 1*((-123226)/4)/(10/(-20)) composite?
False
Suppose -4*h - i + 88040 = 0, -5*h - 30115 = -i - 140156. Is h a prime number?
False
Let m(s) = -1 - 5 + 1 - s. Let c be m(0). Is (-216)/c - 1/5 prime?
True
Let a = 3 - 3. Suppose a = 2*b - 6*b. Suppose 0 = -b*x - 2*x + 12. Is x a composite number?
True
Let o = 1627 + 626. Let g = o - 1172. Is g prime?
False
Let s(f) = -3*f**2 + 5*f + 4153. Is s(0) a composite number?
False
Let g = 40 - 36. Suppose 3*v = g*c + c + 29, 2*v + 2*c = -2. Suppose q = v*q - 134. Is q prime?
True
Suppose 0*w + 11*w - 23419 = 0. Is w prime?
True
Let b(m) = 2027*m**2 - 7*m + 7. Is b(1) composite?
False
Suppose 3*x + 1814 = 4*x. Suppose 0 = -5*r + 7*r - x. Is r a prime number?
True
Suppose 0 = -3*d + 3 + 9. Let g(f) = 20 - d - 16*f - 3. Is g(-9) composite?
False
Let l(y) = 43*y**2 + 4*y - 260. Is l(17) a composite number?
True
Is (-3)/1*((-197620)/30 - 13) a prime number?
True
Suppose -4*g = -8*g + 7232. Suppose 4*m = 4836 - g. Let w = m - 194. Is w prime?
True
Let y(o) = 268*o - 65. Is y(6) composite?
False
Suppose -144*v + 147*v = 9255. Is v a prime number?
False
Suppose m - 1 = -5*x, m - 7 = 5*x - 6. Suppose j - 2*i + 28 = 0, x = -0*i - i + 5. Is 4/j + 24279/27 a composite number?
True
Let x be (-28)/(-42) + 31/3. Let n = x - 8. Suppose -7*m = -n*m - 1388. Is m composite?
False
Suppose -90621 = -2*j + c, 7*j = 6*j - 5*c + 45338. Is j a prime number?
False
Suppose 4*y - 4*f = 40, 5*f - 22 = -5*y + y. Let m(t) = t**3 + t**2 - 12*t + 1. Let a be m(y). Suppose 117 = -4*w + a. Is w prime?
False
Suppose 4*p = 6*p - 2*t - 3874, -5*p + 9690 = -4*t. Is p prime?
False
Let n(b) = b**2 + 2*b - 11. Let l(k) = -2*k**2 - 6*k + 33. Let x(c) = 4*l(c) + 11*n(c). Is x(-10) a composite number?
False
Let v(n) = 3 - 635*n - 2 + 833*n + 982*n. Is v(1) a composite number?
False
Let k(w) = -1137*w + 196. Is k(-3) a composite number?
False
Suppose 3*c = f - 6, -f + 4*c = 3*c + 4. Let g be (0 - -2283)/(f/6). Is g/(-12) + (-8)/(-48) a prime number?
True
Is (3*93606/18)/(1/1) prime?
True
Is ((-10)/((-160)/(-24)))/(3/(-43828)) prime?
False
Suppose 5*f + 18082 = p, 0*p - 90525 = -5*p + 2*f. Is p prime?
False
Suppose -4*j + 3*z + 6626 + 20673 = 0, 2*z + 2 = 0. Suppose 2*a - 6820 = l, j = -0*a + 2*a - 3*l. Is a a composite number?
True
Suppose -4*u + 45726 + 10138 = 4*r, -2*u = r - 13966. Is r prime?
False
Let q = -32 + 34. Suppose -q*s - 2*u = -82, 0*s + 4*s = u + 189. Is s a composite number?
True
Let m(c) = -1865*c**3 + 6*c**2 - 2*c - 14. Is m(-3) composite?
True
Let m(v) = 4*v**3 + 14*v**2 - 11*v - 13. Let s be 20/15 + (-78)/(-9). Let c be m(s). Suppose -2*g + 4*d + 1160 + 2358 = 0, 4*d - c = -3*g. Is g a prime number?
True
Let o be 0 - ((-1 - 0) + -7). Suppose 85 = r - 4*l, 3*r = o*r - 4*l - 345. Is r a composite number?
True
Let p(c) = -c**3 - 4*c**2 + 4*c - 13. Suppose 0*y + 30 = -5*y. Is p(y) composite?
True
Suppose 1 = 4*b + 13, -4*b + 22287 = 3*h. Suppose h = j + 3*s, -2*s = -j + 2*s + 7419. Is j prime?
False
Let o(m) = 2*m**2 + 2*m - 3. Let a(b) = -2*b + 20. Let p be a(9). Let j(l) = 3*l**2 - 6*l + 3. Let s be j(p). Is o(s) a prime number?
False
Let a be 2/(-8) + 42/8. Suppose 0 = a*g - 4*p - 850, 2*p - 4*p = -2*g + 338. Let m = -97 + g. Is m a composite number?
True
Let p(n) = 2*n - 3. Let k be p(3). Is 100 - (k - 4 - 2) a prime number?
True
Suppose 0 = 2*l + 11322 + 7560. Is (-3)/(6/27 + 2125/l) composite?
False
Let j = -50 + 53. Suppose j*z - 6620 = -z. Is z a prime number?
False
Suppose 3 = -3*j + u - 0, 5*u - 15 = 4*j. Suppose 4*y = -3*w + 467, 5*w - 4*y - 725 = -j*y. Is w a composite number?
False
Suppose 4*t + 16 = 4*x, -4*x + 2*t + 11 = -5. Let z be 6*(x + (-1384)/(-3)). Let k = z + -891. Is k a composite number?
False
Suppose -4*s = l + 1000, -2147 = -4*l - 2*s - 6189. Let c = l + 1647. Is c a composite number?
True
Suppose -4*d - 1741 = 1943. Let k = -442 - d. Is k a prime number?
True
Let q be 2/(-4) + 5 + 16732/8. Let w = q - 1123. Is w prime?
False
Let q = -10 + 10. Suppose q - 4 = -h. Suppose -4*l + 5*l - h = 0. Is l prime?
False
Let d(k) = 2*k**3 + k**2 - 6*k + 2. Let q(u) = u**2 + 14*u. Let b be q(-16). Suppose -3*x + 5*a = -2*x - b, 48 = 4*x - 4*a. Is d(x) a 